{"id":8,"date":"2026-02-25T16:16:36","date_gmt":"2026-02-25T15:16:36","guid":{"rendered":"https:\/\/ev-reininghaus.enterprisehosting.at\/?page_id=8"},"modified":"2026-03-09T09:00:49","modified_gmt":"2026-03-09T08:00:49","slug":"elternverein-reininghaus","status":"publish","type":"page","link":"https:\/\/ev-reininghaus.enterprisehosting.at\/","title":{"rendered":"Elternverein Reininghaus"},"content":{"rendered":"\t\t<div data-elementor-type=\"wp-post\" data-elementor-id=\"8\" class=\"elementor elementor-8\" data-elementor-post-type=\"page\">\n\t\t\t\t<div class=\"elementor-element elementor-element-0e49f46 e-flex e-con-boxed e-con e-parent\" data-id=\"0e49f46\" data-element_type=\"container\" data-e-type=\"container\">\n\t\t\t\t\t<div class=\"e-con-inner\">\n\t\t\t\t<div class=\"elementor-element elementor-element-6b7dad2 elementor-widget elementor-widget-text-editor\" data-id=\"6b7dad2\" data-element_type=\"widget\" data-e-type=\"widget\" data-widget_type=\"text-editor.default\">\n\t\t\t\t\t\t\t\t\t<p><strong>Liebe Eltern,<\/strong><\/p><p>Der <strong>Elternverein der AHS Reininghaus<\/strong> bittet alle Eltern um Unterst\u00fctzung durch eine <strong>Mitgliedschaft<\/strong>. Auch in diesem Jahr werden wir die Sch\u00fclerinnen und Sch\u00fcler, wo immer es uns m\u00f6glich ist, bei verschiedensten Schulaktivit\u00e4ten und Notwendigkeiten (wie \u00dcbernahme der Kopierkosten f\u00fcr alle Klassen), unterst\u00fctzen.<\/p><p><strong><u>Wichtige Punkte zur Mitgliedschaft:<\/u><\/strong><\/p><ul><li><strong>Jahresbeitrag: 50 \u20ac<\/strong> (gilt f\u00fcr die ganze Familie, auch bei mehreren Geschwisterkindern an der Schule).<\/li><li><strong>Keine Verpflichtungen<\/strong>: Eine Mitgliedschaft verpflichtet nicht zur aktiven Mitarbeit.<\/li><li><strong>Voraussetzung f\u00fcr Unterst\u00fctzung<\/strong>: Der Verein beh\u00e4lt sich vor, nur Kinder von Mitgliedern finanziell im Einzelfall zu unterst\u00fctzen.<\/li><\/ul><p><strong><u>Was m\u00fcssen Sie tun, um Mitglied zu werden?<\/u><\/strong><\/p><ul><li><strong>Beitrag \u00fcberweisen: <\/strong>Zahlen Sie den Mitgliedsbeitrag von 50 \u20ac auf das Konto des Elternvereins ein. Die Mitgliedschaft wird erst mit der Einzahlung aktiv.<\/li><li><strong>E-Mail-Adresse angeben: <\/strong>Tragen Sie Ihre E-Mail-Adresse ein, um zuk\u00fcnftige <br \/>Informationen (z. B. zur Generalversammlung) zu erhalten.<\/li><\/ul><p><strong>Kontodaten des <img decoding=\"async\" class=\"alignright wp-image-19 size-thumbnail\" src=\"https:\/\/ev-reininghaus.enterprisehosting.at\/wp-content\/uploads\/2026\/02\/Unbenannt-150x150.jpg\" alt=\"\" width=\"150\" height=\"150\" srcset=\"https:\/\/ev-reininghaus.enterprisehosting.at\/wp-content\/uploads\/2026\/02\/Unbenannt-150x150.jpg 150w, https:\/\/ev-reininghaus.enterprisehosting.at\/wp-content\/uploads\/2026\/02\/Unbenannt-300x300.jpg 300w, https:\/\/ev-reininghaus.enterprisehosting.at\/wp-content\/uploads\/2026\/02\/Unbenannt.jpg 326w\" sizes=\"(max-width: 150px) 100vw, 150px\" \/>Elternverein:<\/strong><\/p><p><strong>F\u00f6rderverein der AHS Reininghaus<\/strong><\/p><p><strong>IBAN: AT94 3821 0000 0006 9385<\/strong><\/p><p><strong>Verwendungszweck: <\/strong><em>EV \u2013 Jahresbeitrage 26\/27 \u2013 \u201eName und Klasse des Kindes\u201c<\/em><\/p>\t\t\t\t\t\t\t\t<\/div>\n\t\t\t\t\t<\/div>\n\t\t\t\t<\/div>\n\t\t<div class=\"elementor-element elementor-element-03b1f7b e-flex e-con-boxed e-con e-parent\" data-id=\"03b1f7b\" data-element_type=\"container\" data-e-type=\"container\">\n\t\t\t\t\t<div class=\"e-con-inner\">\n\t\t\t\t<div class=\"elementor-element elementor-element-4e29311 elementor-widget elementor-widget-text-editor\" data-id=\"4e29311\" data-element_type=\"widget\" data-e-type=\"widget\" data-widget_type=\"text-editor.default\">\n\t\t\t\t\t\t\t\t\t<p>Ich trete f\u00fcr mein Kind durch Bezahlung des Mitgliedsbeitrags von \u20ac 50,- f\u00fcr das Schuljahr 2025\/26 dem <strong>Elternvereins der AHS Reininghaus<\/strong> bei.<\/p>\t\t\t\t\t\t\t\t<\/div>\n\t\t\t\t<div class=\"elementor-element elementor-element-98b8b1e elementor-button-align-stretch elementor-widget elementor-widget-form\" data-id=\"98b8b1e\" data-element_type=\"widget\" data-e-type=\"widget\" data-settings=\"{&quot;step_next_label&quot;:&quot;Next&quot;,&quot;step_previous_label&quot;:&quot;Previous&quot;,&quot;button_width&quot;:&quot;100&quot;,&quot;step_type&quot;:&quot;number_text&quot;,&quot;step_icon_shape&quot;:&quot;circle&quot;}\" data-widget_type=\"form.default\">\n\t\t\t\t\t\t\t<form class=\"elementor-form\" method=\"post\" name=\"Anmeldung EV\" aria-label=\"Anmeldung EV\">\n\t\t\t<input type=\"hidden\" name=\"post_id\" value=\"8\"\/>\n\t\t\t<input type=\"hidden\" name=\"form_id\" value=\"98b8b1e\"\/>\n\t\t\t<input type=\"hidden\" name=\"referer_title\" value=\"\" \/>\n\n\t\t\t\n\t\t\t<div class=\"elementor-form-fields-wrapper elementor-labels-above\">\n\t\t\t\t\t\t\t\t<div class=\"elementor-field-type-text elementor-field-group elementor-column elementor-field-group-name elementor-col-50 elementor-field-required\">\n\t\t\t\t\t\t\t\t\t\t\t\t<label for=\"form-field-name\" class=\"elementor-field-label\">\n\t\t\t\t\t\t\t\tVor- Zuname (Elternteil)\t\t\t\t\t\t\t<\/label>\n\t\t\t\t\t\t\t\t\t\t\t\t\t\t<input size=\"1\" type=\"text\" name=\"form_fields[name]\" id=\"form-field-name\" class=\"elementor-field elementor-size-sm  elementor-field-textual\" placeholder=\"Name\" required=\"required\">\n\t\t\t\t\t\t\t\t\t\t\t<\/div>\n\t\t\t\t\t\t\t\t<div class=\"elementor-field-type-text elementor-field-group elementor-column elementor-field-group-message elementor-col-50 elementor-field-required\">\n\t\t\t\t\t\t\t\t\t\t\t\t<label for=\"form-field-message\" class=\"elementor-field-label\">\n\t\t\t\t\t\t\t\tName des Kindes\t\t\t\t\t\t\t<\/label>\n\t\t\t\t\t\t\t\t\t\t\t\t\t\t<input size=\"1\" type=\"text\" name=\"form_fields[message]\" id=\"form-field-message\" class=\"elementor-field elementor-size-sm  elementor-field-textual\" placeholder=\"Kind\" required=\"required\">\n\t\t\t\t\t\t\t\t\t\t\t<\/div>\n\t\t\t\t\t\t\t\t<div class=\"elementor-field-type-email elementor-field-group elementor-column elementor-field-group-email elementor-col-100 elementor-field-required\">\n\t\t\t\t\t\t\t\t\t\t\t\t<label for=\"form-field-email\" class=\"elementor-field-label\">\n\t\t\t\t\t\t\t\tEmailadresse\t\t\t\t\t\t\t<\/label>\n\t\t\t\t\t\t\t\t\t\t\t\t\t\t<input size=\"1\" type=\"email\" name=\"form_fields[email]\" id=\"form-field-email\" class=\"elementor-field elementor-size-sm  elementor-field-textual\" placeholder=\"Emailadresse\" required=\"required\">\n\t\t\t\t\t\t\t\t\t\t\t<\/div>\n\t\t\t\t\t\t\t\t<div class=\"elementor-field-type-radio elementor-field-group elementor-column elementor-field-group-Kontakt elementor-col-100 elementor-field-required\">\n\t\t\t\t\t\t\t\t\t\t\t\t<label for=\"form-field-Kontakt\" class=\"elementor-field-label\">\n\t\t\t\t\t\t\t\tDer Elternverein darf mich unter dieser Mailadresse kontaktieren:\t\t\t\t\t\t\t<\/label>\n\t\t\t\t\t\t<div class=\"elementor-field-subgroup  elementor-subgroup-inline\"><span class=\"elementor-field-option\"><input type=\"radio\" value=\"Ja\" id=\"form-field-Kontakt-0\" name=\"form_fields[Kontakt]\" required=\"required\"> <label for=\"form-field-Kontakt-0\">Ja<\/label><\/span><span class=\"elementor-field-option\"><input type=\"radio\" value=\"Nein\" id=\"form-field-Kontakt-1\" name=\"form_fields[Kontakt]\" required=\"required\"> <label for=\"form-field-Kontakt-1\">Nein<\/label><\/span><\/div>\t\t\t\t<\/div>\n\t\t\t\t\t\t\t\t<div class=\"elementor-field-type-text\">\n\t\t\t\t\t<input size=\"1\" type=\"text\" name=\"form_fields[field_0783135]\" id=\"form-field-field_0783135\" class=\"elementor-field elementor-size-sm \" style=\"display:none !important;\">\t\t\t\t<\/div>\n\t\t\t\t\t\t\t\t<div class=\"elementor-field-type-recaptcha_v3 elementor-field-group elementor-column elementor-field-group-field_26fc678 elementor-col-100 recaptcha_v3-bottomright\">\n\t\t\t\t\t<div class=\"elementor-field\" id=\"form-field-field_26fc678\"><div class=\"elementor-g-recaptcha\" data-sitekey=\"6Lf6n3csAAAAAOkPqNnULezl10UGvKfXCYy_n0oy\" data-type=\"v3\" data-action=\"Form\" data-badge=\"bottomright\" data-size=\"invisible\"><\/div><\/div>\t\t\t\t<\/div>\n\t\t\t\t\t\t\t\t<div class=\"elementor-field-group elementor-column elementor-field-type-submit elementor-col-100 e-form__buttons\">\n\t\t\t\t\t<button class=\"elementor-button elementor-size-sm\" type=\"submit\">\n\t\t\t\t\t\t<span class=\"elementor-button-content-wrapper\">\n\t\t\t\t\t\t\t\t\t\t\t\t\t\t\t\t\t\t\t\t\t\t<span class=\"elementor-button-text\">Senden<\/span>\n\t\t\t\t\t\t\t\t\t\t\t\t\t<\/span>\n\t\t\t\t\t<\/button>\n\t\t\t\t<\/div>\n\t\t\t<\/div>\n\t\t<\/form>\n\t\t\t\t\t\t<\/div>\n\t\t\t\t\t<\/div>\n\t\t\t\t<\/div>\n\t\t\t\t<\/div>\n\t\t","protected":false},"excerpt":{"rendered":"<p>Liebe Eltern, Der Elternverein der AHS Reininghaus bittet alle Eltern um Unterst\u00fctzung durch eine Mitgliedschaft. Auch in diesem Jahr werden wir die Sch\u00fclerinnen und Sch\u00fcler, wo immer es uns m\u00f6glich ist, bei verschiedensten Schulaktivit\u00e4ten und Notwendigkeiten (wie \u00dcbernahme der Kopierkosten f\u00fcr alle Klassen), unterst\u00fctzen. Wichtige Punkte zur Mitgliedschaft: Jahresbeitrag: 50 \u20ac (gilt f\u00fcr die ganze [&hellip;]<\/p>\n","protected":false},"author":1,"featured_media":0,"parent":0,"menu_order":0,"comment_status":"closed","ping_status":"closed","template":"","meta":{"footnotes":""},"class_list":["post-8","page","type-page","status-publish","hentry","entry"],"_links":{"self":[{"href":"https:\/\/ev-reininghaus.enterprisehosting.at\/index.php?rest_route=\/wp\/v2\/pages\/8","targetHints":{"allow":["GET"]}}],"collection":[{"href":"https:\/\/ev-reininghaus.enterprisehosting.at\/index.php?rest_route=\/wp\/v2\/pages"}],"about":[{"href":"https:\/\/ev-reininghaus.enterprisehosting.at\/index.php?rest_route=\/wp\/v2\/types\/page"}],"author":[{"embeddable":true,"href":"https:\/\/ev-reininghaus.enterprisehosting.at\/index.php?rest_route=\/wp\/v2\/users\/1"}],"replies":[{"embeddable":true,"href":"https:\/\/ev-reininghaus.enterprisehosting.at\/index.php?rest_route=%2Fwp%2Fv2%2Fcomments&post=8"}],"version-history":[{"count":35,"href":"https:\/\/ev-reininghaus.enterprisehosting.at\/index.php?rest_route=\/wp\/v2\/pages\/8\/revisions"}],"predecessor-version":[{"id":63,"href":"https:\/\/ev-reininghaus.enterprisehosting.at\/index.php?rest_route=\/wp\/v2\/pages\/8\/revisions\/63"}],"wp:attachment":[{"href":"https:\/\/ev-reininghaus.enterprisehosting.at\/index.php?rest_route=%2Fwp%2Fv2%2Fmedia&parent=8"}],"curies":[{"name":"wp","href":"https:\/\/api.w.org\/{rel}","templated":true}]}}